
{"id":1930,"date":"2025-08-14T12:07:23","date_gmt":"2025-08-14T12:07:23","guid":{"rendered":"https:\/\/dakartrails.com\/app\/?post_type=product&#038;p=1930"},"modified":"2026-01-06T23:00:04","modified_gmt":"2026-01-06T23:00:04","slug":"2x42km","status":"publish","type":"product","link":"https:\/\/dakartrails.com\/app\/product\/2x42km\/","title":{"rendered":"2x42KM"},"content":{"rendered":"<div class=\"ob-section ob-section-images ob-default\">\n<div class=\"ob-row-1-col\">\n<p style=\"font-weight: 400;\"><strong><span style=\"font-family: georgia, palatino, serif; font-size: 14pt; color: #000000;\">Un d\u00e9fi \u00e9pique au c\u0153ur du Saloum<\/span><\/strong><\/p>\n<p style=\"font-weight: 400;\"><span style=\"font-family: georgia, palatino, serif; font-size: 14pt; color: #000000;\">La deuxi\u00e8me \u00e9tape du Raid Saloum Aventure est une v\u00e9ritable immersion dans la splendeur naturelle et culturelle du S\u00e9n\u00e9gal. Ce parcours, riche en d\u00e9couvertes et en d\u00e9fis, promet une aventure exaltante pour les participants d\u00e9sireux de relever ce d\u00e9fi unique.<\/span><\/p>\n<p><strong><span style=\"font-family: georgia, palatino, serif; font-size: 14pt; color: #000000;\">D\u00e9part vers Djilor, terre de L\u00e9opold S\u00e9dar Senghor<\/span><\/strong><\/p>\n<p style=\"font-weight: 400;\"><span style=\"font-family: georgia, palatino, serif; font-size: 14pt; color: #000000;\">Le voyage commence au village de Djilor, un lieu embl\u00e9matique et charg\u00e9 d\u2019histoire, \u00e9tant la maison natale de L\u00e9opold S\u00e9dar Senghor, ic\u00f4ne de la litt\u00e9rature et de la politique s\u00e9n\u00e9galaise. Ce premier tron\u00e7on du parcours nous offre une plong\u00e9e dans les racines culturelles du pays, tout en traversant Fimela, un point d\u2019entr\u00e9e vers les myst\u00e8res de la lagune. La travers\u00e9e de cette lagune peut s\u2019av\u00e9rer d\u00e9licate, parfois submerg\u00e9e par les eaux. Ici, la capacit\u00e9 d\u2019orientation et l\u2019esprit d\u2019aventure sont mis \u00e0 l\u2019\u00e9preuve pour trouver le chemin vers Simal.<\/span><\/p>\n<h2><span style=\"font-family: georgia, palatino, serif; font-size: 14pt; color: #000000;\">Arriv\u00e9e \u00e0 Simal et d\u00e9couverte des fromagers majestueux<\/span><\/h2>\n<p><span style=\"font-family: georgia, palatino, serif; font-size: 14pt; color: #000000;\">\u00c0 Simal, un premier point de contr\u00f4le (PCR 1) attend les participants. En suivant scrupuleusement la trace GPX, une r\u00e9compense visuelle exceptionnelle s\u2019offre \u00e0 eux : les majestueux fromagers, arbres imposants qui dominent le paysage. Ces g\u00e9ants naturels incarnent la force et la r\u00e9silience de la r\u00e9gion tout en offrant un moment de contemplation dans cette \u00e9pop\u00e9e.<\/span><\/p>\n<div class=\"ob-h1 \"><span style=\"font-family: georgia, palatino, serif; font-size: 14pt; color: #000000;\">Continuation sur le tann et le marigot de Djilor<\/span><\/div>\n<p><span style=\"font-family: georgia, palatino, serif; font-size: 14pt; color: #000000;\">La trace se poursuit sur le tann, une vaste \u00e9tendue saline, et longe le marigot de Djilor. Ce tron\u00e7on m\u00e8ne au village de Rho, o\u00f9 se trouve le deuxi\u00e8me PCR. Ce segment du parcours illustre parfaitement la diversit\u00e9 du paysage du Saloum, alternant entre \u00e9tendues s\u00e8ches et zones humides.<\/span><\/p>\n<h2><span style=\"font-family: georgia, palatino, serif; font-size: 14pt; color: #000000;\">Les puits de sel et la piste vers l\u2019autre rive<\/span><\/h2>\n<p><span style=\"font-family: georgia, palatino, serif; font-size: 14pt; color: #000000;\">Aux environs du kilom\u00e8tre 24, les participants atteignent les puits de sel, une curiosit\u00e9 naturelle qui t\u00e9moigne de l\u2019activit\u00e9 \u00e9conomique locale. Apr\u00e8s une courte pause pour admirer ces formations, il est temps de retrouver la piste qui guidera les aventuriers vers l\u2019autre c\u00f4t\u00e9 du territoire. Bien que le pays soit plat, le paysage est en constante mutation, parfois marqu\u00e9 par des plans d\u2019eau r\u00e9cents qui ajoutent une dimension impr\u00e9visible au trajet.<\/span><\/p>\n<div class=\"ob-h1 \"><span style=\"font-family: georgia, palatino, serif; font-size: 14pt; color: #000000;\">Le d\u00e9fi du PCR 8 et l\u2019\u00e9tape finale<\/span><\/div>\n<p><span lang=\"FR\" style=\"font-family: georgia, palatino, serif; font-size: 14pt; color: #000000;\">Au kilom\u00e8tre 31, le troisi\u00e8me PCR attend les participants. \u00c0 ce stade, la chaleur peut devenir intense, particuli\u00e8rement pour les moins rapides. Une halte bien m\u00e9rit\u00e9e s\u2019impose avant de se lancer dans les 11 derniers kilom\u00e8tres. Ces derniers passages, entre zones humides et marigots s\u00e9ch\u00e9s, obligent les aventuriers \u00e0 traverser une route reliant Loul Sess\u00e8ne \u00e0 Faoye.<\/span><\/p>\n<h2><span style=\"font-family: georgia, palatino, serif; font-size: 14pt; color: #000000;\">De Ngu\u00e8ssine \u00e0 Faoye : une arriv\u00e9e lib\u00e9ratrice<\/span><\/h2>\n<p><span style=\"font-family: georgia, palatino, serif; font-size: 14pt; color: #000000;\">La derni\u00e8re portion de la piste relie les villages proches de la route, tels que Ngu\u00e8ssine et Sing. Les deux derniers kilom\u00e8tres serpentent entre la route principale et le marigot, offrant une vue panoramique avant la ligne d\u2019arriv\u00e9e. L\u2019arriv\u00e9e \u00e0 Faoye marque une v\u00e9ritable lib\u00e9ration pour les participants. L\u2019accueil chaleureux au Campement solidaire et la possibilit\u00e9 de se baigner dans les eaux rafra\u00eechissantes sont autant de r\u00e9compenses qui rendent cette victoire encore plus savoureuse.<\/span><\/p>\n<div class=\"ob-h1 \"><strong><span style=\"font-family: georgia, palatino, serif; font-size: 14pt; color: #000000;\">Informations pratiques<\/span><\/strong><\/div>\n<p><span style=\"font-family: georgia, palatino, serif; font-size: 14pt; color: #000000;\">Pour participer \u00e0 cet \u00e9v\u00e9nement, il est possible de s\u2019inscrire aupr\u00e8s de l\u2019association Dakar Trail.<\/span><\/p>\n<p><span style=\"font-family: georgia, palatino, serif; font-size: 14pt; color: #000000;\">https:\/\/dakartrails.com\/<\/span><\/p>\n<div class=\"ob-h1 \"><strong><span style=\"font-family: georgia, palatino, serif; font-size: 14pt; color: #000000;\">Conclusion : Une aventure pour l\u2019\u00e2me et le corps<\/span><\/strong><\/div>\n<p><span style=\"font-family: georgia, palatino, serif; font-size: 14pt; color: #000000;\">La deuxi\u00e8me \u00e9tape du Raid Saloum Aventure est bien plus qu\u2019un d\u00e9fi sportif. Elle incarne une odyss\u00e9e \u00e0 travers des paysages vari\u00e9s, des d\u00e9fis techniques et des tr\u00e9sors culturels uniques. C\u2019est une c\u00e9l\u00e9bration de la r\u00e9silience et de l\u2019harmonie entre l\u2019humain et la nature. Chaque kilom\u00e8tre parcouru devient une histoire \u00e0 raconter, chaque halte un moment de r\u00e9flexion. L\u2019arriv\u00e9e \u00e0 Faoye est une apoth\u00e9ose, o\u00f9 les participants, baign\u00e9s par le sentiment d\u2019accomplissement, peuvent enfin savourer le fruit de leurs efforts dans un cadre paradisiaque.<\/span><\/p>\n<p><span style=\"font-family: georgia, palatino, serif; font-size: 14pt; color: #000000;\">Etape 2:<span style=\"color: #0000ff;\"> <a style=\"color: #0000ff;\" href=\"https:\/\/tracedetrail.fr\/fr\/iframe\/6523\">https:\/\/tracedetrail.fr\/fr\/iframe\/6523<\/a><\/span><\/span><\/p>\n<\/div>\n<\/div>\n<p><iframe style=\"border: 0; width: 100%; height: 800px;\" src=\"https:\/\/tracedetrail.fr\/fr\/iframe\/6523\" scrolling=\"no\" allowfullscreen=\"allowfullscreen\"><span data-mce-type=\"bookmark\" style=\"display: inline-block; width: 0px; overflow: hidden; line-height: 0;\" class=\"mce_SELRES_start\">\ufeff<\/span><span data-mce-type=\"bookmark\" style=\"display: inline-block; width: 0px; overflow: hidden; line-height: 0;\" class=\"mce_SELRES_start\">\ufeff<\/span><span data-mce-type=\"bookmark\" style=\"display: inline-block; width: 0px; overflow: hidden; line-height: 0;\" class=\"mce_SELRES_start\">\ufeff<\/span><span data-mce-type=\"bookmark\" style=\"display: inline-block; width: 0px; overflow: hidden; line-height: 0;\" class=\"mce_SELRES_start\">\ufeff<\/span><\/iframe><\/p>\n<h3><\/h3>\n<h3 style=\"text-align: center;\"><span style=\"font-family: georgia, palatino, serif; font-size: 18pt; color: #000000;\">PCR Points de Contr\u00f4le et de Ravitaillement<\/span><\/h3>\n<p>&nbsp;<\/p>\n<p style=\"text-align: center;\"><strong><span style=\"font-family: georgia, palatino, serif; font-size: 18pt; color: #000000;\">Etape 2 &#8211; 14 d\u00e9cembre<\/span><\/strong><\/p>\n<h1 style=\"text-align: center;\"><span style=\"font-size: 14pt; color: #3366ff;\">PCR \u00e9tape 2\u00a0Marche<\/span><\/h1>\n<p style=\"text-align: center;\"><iframe style=\"border: 0; width: 100%; height: 800px;\" src=\"https:\/\/tracedetrail.fr\/fr\/iframe\/7733\" scrolling=\"no\" allowfullscreen=\"allowfullscreen\"><span data-mce-type=\"bookmark\" style=\"display: inline-block; width: 0px; overflow: hidden; line-height: 0;\" class=\"mce_SELRES_start\">\ufeff<\/span><\/iframe><\/p>\n<h1 style=\"text-align: center;\"><span style=\"font-size: 14pt; color: #3366ff;\">PCR \u00e9tape 2 Trail<\/span><\/h1>\n<p>&nbsp;<\/p>\n<p style=\"text-align: center;\"><iframe style=\"border: 0; width: 100%; height: 800px;\" src=\"https:\/\/tracedetrail.fr\/fr\/iframe\/7734\" scrolling=\"no\" allowfullscreen=\"allowfullscreen\"><span data-mce-type=\"bookmark\" style=\"display: inline-block; width: 0px; overflow: hidden; line-height: 0;\" class=\"mce_SELRES_start\">\ufeff<\/span><\/iframe><\/p>\n","protected":false},"excerpt":{"rendered":"<p class=\"ob-h2 Post-title\"><span style=\"color: #000000; font-size: 14pt;\"><strong><span style=\"font-family: georgia, palatino, serif;\">Pour ceux qui ont d\u00e9j\u00e0 parcouru la premi\u00e8re \u00e9tape : <\/span><\/strong><\/span><span style=\"font-family: georgia, palatino, serif; font-size: 14pt; color: #000000;\">La deuxi\u00e8me \u00e9tape du Raid Saloum Aventure est une v\u00e9ritable immersion dans la splendeur naturelle et culturelle du S\u00e9n\u00e9gal. Ce parcours, riche en d\u00e9couvertes et en d\u00e9fis, promet une aventure exaltante pour les participants d\u00e9sireux de relever ce d\u00e9fi unique.<\/span><\/p>\n","protected":false},"featured_media":1931,"comment_status":"open","ping_status":"closed","template":"","meta":[],"product_brand":[],"product_cat":[16],"product_tag":[],"class_list":{"0":"post-1930","1":"product","2":"type-product","3":"status-publish","4":"has-post-thumbnail","6":"product_cat-uncategorized","7":"description-off","9":"first","10":"instock","11":"virtual","12":"purchasable","13":"product-type-simple"},"_links":{"self":[{"href":"https:\/\/dakartrails.com\/app\/wp-json\/wp\/v2\/product\/1930","targetHints":{"allow":["GET"]}}],"collection":[{"href":"https:\/\/dakartrails.com\/app\/wp-json\/wp\/v2\/product"}],"about":[{"href":"https:\/\/dakartrails.com\/app\/wp-json\/wp\/v2\/types\/product"}],"replies":[{"embeddable":true,"href":"https:\/\/dakartrails.com\/app\/wp-json\/wp\/v2\/comments?post=1930"}],"wp:featuredmedia":[{"embeddable":true,"href":"https:\/\/dakartrails.com\/app\/wp-json\/wp\/v2\/media\/1931"}],"wp:attachment":[{"href":"https:\/\/dakartrails.com\/app\/wp-json\/wp\/v2\/media?parent=1930"}],"wp:term":[{"taxonomy":"product_brand","embeddable":true,"href":"https:\/\/dakartrails.com\/app\/wp-json\/wp\/v2\/product_brand?post=1930"},{"taxonomy":"product_cat","embeddable":true,"href":"https:\/\/dakartrails.com\/app\/wp-json\/wp\/v2\/product_cat?post=1930"},{"taxonomy":"product_tag","embeddable":true,"href":"https:\/\/dakartrails.com\/app\/wp-json\/wp\/v2\/product_tag?post=1930"}],"curies":[{"name":"wp","href":"https:\/\/api.w.org\/{rel}","templated":true}]}}