
{"id":698,"date":"2025-01-09T18:04:28","date_gmt":"2025-01-09T18:04:28","guid":{"rendered":"https:\/\/dakartrails.com\/app\/?post_type=product&#038;p=698"},"modified":"2026-01-06T23:00:47","modified_gmt":"2026-01-06T23:00:47","slug":"4x10km-det-marche","status":"publish","type":"product","link":"https:\/\/dakartrails.com\/app\/product\/4x10km-det-marche\/","title":{"rendered":"4x10KM  DET Marche"},"content":{"rendered":"<h1 class=\"ob-h2 Post-title\"><span style=\"font-family: georgia, palatino, serif; color: #000000;\">Dakar Endurance Trail<\/span><\/h1>\n<p><span style=\"font-family: georgia, palatino, serif; color: #000000; font-size: 14pt;\">Ne manquez pas la troisi\u00e8me \u00e9dition du Dakar Endurance Trail\u00a0! Cette \u00e9preuve, d\u00e9sormais reconnue comme qualificative pour le c\u00e9l\u00e8bre raid du Saloum ainsi que l\u2019UTDS, s\u2019impose comme un rendez-vous majeur pour tous les passionn\u00e9s de trail et de marche longue distance.<\/span><\/p>\n<h2><span style=\"font-family: georgia, palatino, serif; color: #000000; font-size: 14pt;\">Deux parcours pour renouer avec l\u2019endurance<\/span><\/h2>\n<p style=\"font-weight: 400;\"><span style=\"font-family: georgia, palatino, serif; color: #000000; font-size: 14pt;\">Le Dakar Endurance Trail propose deux formats adapt\u00e9s aux niveaux et ambitions de chacun\u00a0:<\/span><\/p>\n<ul style=\"font-weight: 400;\">\n<li><span style=\"font-family: georgia, palatino, serif; color: #000000; font-size: 14pt;\">50 km Trail\u00a0: Un parcours exigeant pour les traileurs aguerris, id\u00e9al pour tester sa r\u00e9sistance et se pr\u00e9parer aux grandes comp\u00e9titions du calendrier.<\/span><\/li>\n<li><span style=\"font-family: georgia, palatino, serif; color: #000000; font-size: 14pt;\">40 km Marche\u00a0: Une distance pens\u00e9e pour les marcheurs, permettant de se surpasser tout en profitant de l\u2019ambiance conviviale et s\u00e9curis\u00e9e de l\u2019\u00e9v\u00e9nement.<\/span><\/li>\n<\/ul>\n<h2><span style=\"font-family: georgia, palatino, serif; color: #000000; font-size: 14pt;\">Pourquoi participer\u00a0?<\/span><\/h2>\n<ul style=\"font-weight: 400;\">\n<li><span style=\"font-family: georgia, palatino, serif; color: #000000; font-size: 14pt;\">\u00c9preuve qualificative pour le raid du Saloum et l\u2019UTDS<\/span><\/li>\n<li><span style=\"font-family: georgia, palatino, serif; color: #000000; font-size: 14pt;\">Occasion de reprendre contact avec les longues distances apr\u00e8s la pause estivale<\/span><\/li>\n<li><span style=\"font-family: georgia, palatino, serif; color: #000000; font-size: 14pt;\">Ambiance conviviale, esprit sportif et d\u00e9passement de soi<\/span><\/li>\n<li><span style=\"font-family: georgia, palatino, serif; color: #000000; font-size: 14pt;\">Organisation professionnelle et encadrement s\u00e9curis\u00e9<\/span><\/li>\n<\/ul>\n<ul style=\"font-weight: 400;\">\n<li><span style=\"font-family: georgia, palatino, serif; color: #000000; font-size: 14pt;\">Inscriptions\u00a0: Ouvertes \u00e0 tous, sur le site officiel de l\u2019\u00e9v\u00e9nement<\/span><\/li>\n<\/ul>\n<p style=\"font-weight: 400;\"><span style=\"font-family: georgia, palatino, serif; color: #000000; font-size: 14pt;\">Que vous soyez traileur exp\u00e9riment\u00e9 ou marcheur passionn\u00e9, le Dakar Endurance Trail vous invite \u00e0 relever un nouveau d\u00e9fi et \u00e0 partager des moments forts avec la communaut\u00e9 des sportifs d\u2019endurance. Pr\u00e9parez-vous d\u00e8s maintenant\u00a0!<\/span><\/p>\n<p>&nbsp;<\/p>\n<p><span style=\"font-size: 18pt; color: #000000;\"><strong><span style=\"font-family: georgia, palatino, serif;\">Le d\u00e9tail de l&#8217;itin\u00e9raire dans le lien ci joint :<\/span><\/strong><\/span><br \/>\n<span style=\"color: #3366ff;\"><a style=\"color: #3366ff;\" href=\"https:\/\/tracedetrail.fr\/fr\/iframe\/6489\"><span style=\"font-family: georgia, palatino, serif; font-size: 14pt;\">https:\/\/tracedetrail.fr\/fr\/iframe\/6489<\/span><\/a><\/span><\/p>\n<p><strong><span style=\"font-family: georgia, palatino, serif; font-size: 14pt; color: #000000;\">T\u00e9l\u00e9charger<\/span><\/strong><br \/>\n<span style=\"font-family: georgia, palatino, serif; font-size: 14pt; color: #3366ff;\"><strong><a class=\"ob-link\" style=\"color: #3366ff;\" href=\"https:\/\/data.over-blog-kiwi.com\/7\/08\/65\/07\/20250905\/ob_bd9f83_dakar-endurance-trail-10-km.gpx\" target=\"_blank\" rel=\"noreferrer noopener\">dakar_endurance_trail_10_km<\/a><\/strong><\/span><\/p>\n<p>&nbsp;<\/p>\n<p><span style=\"font-family: georgia, palatino, serif; font-size: 14pt; color: #000000;\">Tarif : Le prix de la course est de 25000 FCFA sans options.<\/span><\/p>\n<p><iframe style=\"border: 0; width: 100%; height: 800px;\" src=\" https:\/\/tracedetrail.fr\/fr\/iframe\/6489\" scrolling=\"no\" allowfullscreen=\"allowfullscreen\"><span data-mce-type=\"bookmark\" style=\"display: inline-block; width: 0px; overflow: hidden; line-height: 0;\" class=\"mce_SELRES_start\">\ufeff<\/span><span data-mce-type=\"bookmark\" style=\"display: inline-block; width: 0px; overflow: hidden; line-height: 0;\" class=\"mce_SELRES_start\">\ufeff<\/span><span data-mce-type=\"bookmark\" style=\"display: inline-block; width: 0px; overflow: hidden; line-height: 0;\" class=\"mce_SELRES_start\">\ufeff<\/span><span data-mce-type=\"bookmark\" style=\"display: inline-block; width: 0px; overflow: hidden; line-height: 0;\" class=\"mce_SELRES_start\">\ufeff<\/span><\/iframe><\/p>\n<p><span style=\"font-size: 18pt; color: #000000;\"><strong><span style=\"font-family: georgia, palatino, serif;\">Programme<\/span><\/strong><\/span><\/p>\n<a href=\"https:\/\/dakartrails.com\/app\/wp-content\/uploads\/2025\/09\/biss.pdf\" class=\"pdfemb-viewer\" style=\"\" data-width=\"max\" data-height=\"max\" data-toolbar=\"none\" data-toolbar-fixed=\"off\">biss<\/a>\n","protected":false},"excerpt":{"rendered":"<p><span style=\"font-family: georgia, palatino, serif; font-size: 14pt; color: #333333;\">Cette \u00e9preuve consiste \u00e0 parcourir plusieurs fois une boucle de 10 km.<\/span><\/p>\n<p><span style=\"font-family: georgia, palatino, serif; font-size: 14pt; color: #333333;\">Le parcours est situ\u00e9 \u00e0 La Somone. Les d\u00e9parts (PCR) et arriv\u00e9es de chaque boucle auront lieu depuis la maison indiqu\u00e9e dans le plan.<\/span><\/p>\n","protected":false},"featured_media":1955,"comment_status":"open","ping_status":"closed","template":"","meta":[],"product_brand":[],"product_cat":[16],"product_tag":[],"class_list":{"0":"post-698","1":"product","2":"type-product","3":"status-publish","4":"has-post-thumbnail","6":"product_cat-uncategorized","7":"description-off","9":"first","10":"instock","11":"virtual","12":"purchasable","13":"product-type-simple"},"_links":{"self":[{"href":"https:\/\/dakartrails.com\/app\/wp-json\/wp\/v2\/product\/698","targetHints":{"allow":["GET"]}}],"collection":[{"href":"https:\/\/dakartrails.com\/app\/wp-json\/wp\/v2\/product"}],"about":[{"href":"https:\/\/dakartrails.com\/app\/wp-json\/wp\/v2\/types\/product"}],"replies":[{"embeddable":true,"href":"https:\/\/dakartrails.com\/app\/wp-json\/wp\/v2\/comments?post=698"}],"wp:featuredmedia":[{"embeddable":true,"href":"https:\/\/dakartrails.com\/app\/wp-json\/wp\/v2\/media\/1955"}],"wp:attachment":[{"href":"https:\/\/dakartrails.com\/app\/wp-json\/wp\/v2\/media?parent=698"}],"wp:term":[{"taxonomy":"product_brand","embeddable":true,"href":"https:\/\/dakartrails.com\/app\/wp-json\/wp\/v2\/product_brand?post=698"},{"taxonomy":"product_cat","embeddable":true,"href":"https:\/\/dakartrails.com\/app\/wp-json\/wp\/v2\/product_cat?post=698"},{"taxonomy":"product_tag","embeddable":true,"href":"https:\/\/dakartrails.com\/app\/wp-json\/wp\/v2\/product_tag?post=698"}],"curies":[{"name":"wp","href":"https:\/\/api.w.org\/{rel}","templated":true}]}}